se 4*i - 152 = 5*h, -5*i - 4*h + 230 = -42. What is the greatest common divisor of 204 and i?
12
Suppose 3792 = 5*a - 16653. Suppose -189 = 13*j - a. What is the greatest common divisor of j and 50?
50
Suppose 3*b + 5*o = 961, -3*o + 641 = -43*b + 45*b. What is the highest common divisor of 713 and b?
23
Suppose 14*c - 714 - 413 = 161. What is the highest common divisor of c and 4462?
46
Suppose 249*x = 5*z + 254*x - 24200, 14*z - 67664 = -2*x. What is the greatest common factor of z and 32?
32
Let u(d) = -21*d**3 - 28*d**2 - 4*d - 52. Let f be u(-6). What is the greatest common divisor of f and 56?
28
Suppose -44*h + 100*h - 8297 + 737 = 0. What is the highest common factor of h and 32265?
135
Suppose 36*x = 99 + 45. Suppose -x*s + 832 = 4*s. What is the highest common divisor of 286 and s?
26
Let v be (9/10 + 14/(-35))*-4. Let l(c) = -27*c**3 + c**2. Let z be l(v). Suppose 3*t + z = 7*t. What is the greatest common factor of t and 22?
11
Suppose -k + 125 = 5*u, 2*u - u - 3*k = 41. Suppose 4*w + g - 11 = u, -15 = -3*w - 5*g. Calculate the greatest common factor of w and 5.
5
Suppose 0 = 5*p - 2*h - 80, -3*p - 3*h - 2*h + 48 = 0. What is the greatest common factor of p and 28624?
16
Let q(j) = -4 - 724*j - 728*j + 1458*j - 3 + 26*j**2. Let u be q(3). Calculate the highest common divisor of 70 and u.
35
Let s be ((-156)/(-18))/((-481)/(-468) - 1). What is the highest common divisor of 5096 and s?
104
Suppose 7*r - 8*r + 3*h + 5581 = 0, 0 = 2*r - 3*h - 11174. Calculate the highest common divisor of r and 51.
17
Suppose 3071*y + 280 = 3061*y. Suppose 37 = -3*k + 211. Let d = y + k. What is the greatest common factor of 45 and d?
15
Suppose -63*z + 39*z + 4348 + 20996 = 0. Calculate the greatest common factor of z and 1536.
96
Let z(c) = c**2 + c - 3. Let h be z(-5). Suppose -4*b + 12699 = 79*b. Calculate the highest common divisor of b and h.
17
Let a = -499 - -441. Let y be -2 + -3 - (-24 + a). Calculate the greatest common divisor of y and 385.
77
Let u(l) = 153*l - 1572. Let q be u(14). What is the highest common factor of q and 600?
30
Let v = -4157 + 4179. Suppose 0*s = 2*s - 836. What is the highest common divisor of s and v?
22
Let z = -8145 - -11999. Calculate the greatest common factor of 141 and z.
47
Suppose 22*h + 26*h - 14*h - 1632 = 0. Calculate the greatest common factor of 528 and h.
48
Let l = -16 + 7. Let o = l - -30. Let p(m) = m**2 + 6*m - 2. Let b be p(2). Calculate the highest common factor of o and b.
7
Suppose 0 = -3*p + 9 - 0. Suppose -9*b + p*b = -18. Suppose -51 = -4*y - m, 3*y - m + b*m = 42. What is the greatest common factor of 204 and y?
12
Suppose 27*g = 38*g + 79*g - 1080. What is the greatest common factor of g and 932?
4
Suppose -5*y - 25 = 0, -3*y = 5*a - y - 50. Let c = -7926 - -7941. What is the greatest common divisor of c and a?
3
Let i = -11355 - -11407. Calculate the highest common divisor of i and 338.
26
Let d(p) = -p**3 + 31*p**2 + 72. Let f(o) = -o**3 + 30*o**2 + o + 71. Let v(w) = 3*d(w) - 2*f(w). Let x be v(33). What is the greatest common factor of 4 and x?
4
Suppose -67*y = -2727792 - 1787874. What is the greatest common divisor of 141 and y?
141
Let t be ((-229 + -5)*(-2)/(-20))/(9/(-30)). What is the highest common factor of 13182 and t?
78
Suppose -5*r = -4*x - r + 92556, -2*r = -2. What is the greatest common factor of x and 89?
89
Let p(f) = 3*f**2 - 110*f - 130. Let b be p(38). Calculate the greatest common divisor of 253 and b.
11
Suppose -3*r - 2*y = -780, r - 90 - 183 = -5*y. Let l be 13/(39/r)*2/4. Calculate the greatest common factor of 559 and l.
43
Let o = 77135 - 77110. Suppose 4*c = 2*c + 100. Calculate the highest common divisor of c and o.
25
Let u be 468/(-312) - ((-7)/2 + 0). Suppose 8 = -d + 2. Let h be 15/12 + d/(-8). What is the greatest common factor of h and u?
2
Let n be 6*(-17 + 1)*-1. Let l = 7464 + -7432. Calculate the highest common factor of n and l.
32
Let z(h) = -6 + 7 + 26*h**2 - 4 + h. Let n be z(-2). Let k = 473 - n. Calculate the highest common factor of k and 34.
34
Suppose 115*a - 28305 = 106*a. Calculate the highest common factor of 170 and a.
85
Suppose 307 - 8 = 6*j - 163. What is the greatest common divisor of 363 and j?
11
Let v(s) = 2*s**3 + 140*s**2 + 250*s - 136. Let j be v(-67). Calculate the greatest common divisor of j and 8.
8
Let x(t) = t + 6. Let w be x(-9). Let g(f) = -2*f + 6. Let u be g(w). Let z(j) = -10*j - 2. Let o be z(-1). What is the greatest common divisor of u and o?
4
Let t(p) be the first derivative of -3*p**2 + 4*p - 2. Let m be t(-6). Suppose -420*i = 1379*i - 107940. What is the greatest common divisor of m and i?
20
Let i(f) = -f**2 - 51*f + 892. Let r be i(-64). Calculate the greatest common divisor of r and 24.
12
Suppose -103*k + 97*k = -1350. Calculate the greatest common divisor of 25 and k.
25
Let h be ((-6)/(-9))/(5/210). Let r = -425 - -607. Calculate the greatest common divisor of h and r.
14
Suppose -4*a - a + 20 = 0. Let m(h) = -4 + 2*h**2 - a*h**3 + 508*h - 508*h. Let u be m(-2). Calculate the greatest common divisor of 12 and u.
12
Suppose -168*d + 125*d - 115577 = -120*d. Calculate the highest common divisor of d and 2528.
79
Let j be 45812/364 + (-2)/(-14). What is the greatest common divisor of 10 and j?
2
Suppose -37 - 128 = -5*j. Let r be (-6)/j + 3 + (-7792)/(-22). What is the highest common factor of r and 51?
51
Suppose -4*q + 4*m = -220, -m = 2*q + 3*m - 122. Suppose 64*c = q*c + 175. Calculate the highest common factor of 40 and c.
5
Let y = -174 + 195. Suppose 5*r + y = g, -1 = 2*g + 5*r + 2. What is the greatest common factor of g and 246?
6
Let n(l) = -25*l - 256. Let s be n(-17). What is the greatest common divisor of 52 and s?
13
Suppose -42*i - 1126 = -5662. What is the greatest common factor of 3699 and i?
27
Suppose -2*c + 2 - 38 = -2*f, 5*c + 77 = 4*f. Let x be 143/6 + f/(13 + 65). What is the highest common factor of x and 204?
12
Let t be (-597991)/(-1068) + (-2 + -1)/(-36). Suppose 112 = 11*w - 64. What is the greatest common divisor of w and t?
16
Let u(n) = -13*n**2 + 10*n + 7. Let s be u(-3). Let z = 147 + s. Calculate the highest common factor of 28 and z.
7
Let w be (1*5*115/(-575))/((-3)/1245). What is the highest common factor of 12118 and w?
83
Let o = -761 + 759. Let h be (-140)/(-245)*(-49)/o. Calculate the greatest common divisor of h and 406.
14
Let b(y) = 2*y**2 - 67*y + 96. Let w be b(35). Let t(a) = 8*a**2 - a - 1. Let j be t(-4). Let p = w - j. What is the highest common factor of 10 and p?
10
Suppose 5*h - 2*l - 1265 = -455, -3*l - 335 = -2*h. What is the greatest common divisor of 2340 and h?
20
Let a be (-2)/13 + (-316998)/(-39). Let k = a + -17112. Let h be (-6)/10 + -8 + k/(-40). What is the greatest common factor of h and 27?
27
Let n = 79 + -84. Let r = n - -3. Let t be (-2)/(2*r/34). What is the greatest common factor of t and 187?
17
Let r(s) = s**3 - 7*s**2 + 9*s - 10. Let o be r(6). Suppose -2*g - 37*g = -1560. What is the highest common factor of o and g?
8
Suppose 4*j - 140 = -0*j. Let s = 14604 + -14464. Calculate the greatest common divisor of s and j.
35
Suppose 325 = 7*m + 6*m. Suppose 14*b + m = 19*b. Suppose -b*p + 75 + 20 = 0. What is the highest common divisor of 19 and p?
19
Let n = -3 - -5. Suppose -4*c = 17 + 3, 213 = -2*v - c. Let m = v + 111. Calculate the highest common divisor of n and m.
1
Suppose -4*z = 7*v - 8*v + 115, -2*v + 240 = -3*z. Suppose 41*j - 126 = 40*j - 2*f, j + f - v = 0. What is the highest common divisor of 15 and j?
15
Suppose 20122*a + 124706 = 20134*a + 2690. Calculate the greatest common factor of a and 123.
41
Let r(q) = -217*q - 1282. Let z be r(-6). Calculate the greatest common factor of 230 and z.
10
Let g = 66 + -42. Let u(f) = 13*f - 102. Let x be u(8). Suppose -x*r - 3*a + 15 = -62, -5*r = 3*a - 197. What is the highest common factor of r and g?
8
Suppose -8*x + 836 = -28. Let p = 154 - 127. Calculate the greatest common factor of x and p.
27
Let o be -17 - -8 - -99 - -5. Calculate the highest common divisor of 1786 and o.
19
Suppose -26*f = -3*f + 16422. Let p = -480 - f. What is the highest common divisor of p and 26?
26
Suppose -8 = -3*w + 4. Let v be 2/w*9792/24. Suppose 2*q - h = h + 102, v = 4*q + 5*h. Calculate